(-2).
7
Let r(f) = -f - 4. Let h be r(-6). Suppose -6*x + 37 = -x - 2*n, h*x - 6 = 3*n. Suppose -2*y + 25 = x. Calculate the remainder when y is divided by 5.
3
Let v = -37 - -21. Let y = v + 35. Let m = y + -9. Calculate the remainder when m is divided by 3.
1
Let q(d) = d**3 - 9*d**2 + 9*d - 6. Let h be q(8). Suppose -35 = -5*r - b, r = h*b + 29 - 11. Let s = r + 16. Calculate the remainder when 70 is divided by s.
22
Let h = -2010 + 2086. Calculate the remainder when h is divided by 36.
4
Let p(b) = b**3 + 4*b**2 - 2*b + 1. Let m be p(2). Suppose -22*z + m*z = -86. Calculate the remainder when z is divided by 22.
20
Suppose -3*g + 613 = -200. Let s = 485 - g. Calculate the remainder when s is divided by 27.
25
Let u = 829 + 25. Calculate the remainder when u is divided by 26.
22
Let u = 43 - 13. Let j be 2/11 + 12/(-66). Suppose 42 = 2*a + 5*t, 4*a + a + 2*t - 84 = j. Calculate the remainder when u is divided by a.
14
Suppose -2*i + 4 = 0, -6*q + 5*q - i = -11. Suppose 4*b = q*b + 285. Let t = 3 - b. Calculate the remainder when t is divided by 16.
12
Suppose 7*c - 348 = 3*c. Suppose -q + 5*g + c = 10, 0 = g. Suppose 5*l = -15, 5*k - 290 = -l + q. Calculate the remainder when k is divided by 19.
17
Suppose b = -3*w + 31, w = -5*b - 0*w + 113. Suppose 0 = 8*a - 537 - 151. What is the remainder when a is divided by b?
20
Suppose -2*v - 5*i + 6*i = -2, 0 = v - 4*i - 8. Suppose v = -13*s + 11*s + 26. Calculate the remainder when 48 is divided by s.
9
Suppose 9 + 12 = -v. Let w = v + 40. Calculate the remainder when 75 is divided by w.
18
Suppose 3*g = -1 + 37. What is the remainder when (g/(-10))/(6/(-20)) is divided by 3?
1
Suppose -9*q - 2*p = -1214, -3*p - 8 = 7. What is the remainder when q is divided by 18?
10
Suppose -i = -4*i + 141. Calculate the remainder when i is divided by 10*(8/10 - 0).
7
Suppose 0 = -0*s - 2*s, 0 = -2*w + 4*s + 896. Let r = w - 295. What is the remainder when 75 is divided by (-1)/(-2) + r/6?
23
What is the remainder when 308 is divided by 182/70*12*(-5)/(-2)?
74
Calculate the remainder when (17 - (-28305)/34) + 2/4 is divided by 15.
10
Let i(z) = 5*z**2 - z - 4. Let u be i(-2). Suppose -3*c + 48 = -u. What is the remainder when 43 is divided by c?
21
Let d be 10*((-44)/8 - -4). Let l = d + 35. Calculate the remainder when 45/2*32/l is divided by 10.
6
Let h be (-15)/(-3) + (-10)/2. Suppose -44*r + 43*r + 104 = h. What is the remainder when r is divided by 18?
14
Suppose 9*d - 87 = -20*d. What is the remainder when 4 is divided by d?
1
What is the remainder when 591 is divided by (-1)/(-12 + 1772/148)?
36
Let t(z) = z + 10. Let l be t(-8). Let y(c) = 13*c. Let w(u) = -u**3 - u**2 - 3*u - 1. What is the remainder when y(l) is divided by w(-2)?
8
What is the remainder when (3 + 75/(-10))*228/(-9) is divided by 40?
34
Suppose 3*h - 20 = 4*c, 2*h + 2 = -c + 19. Let f(i) = 8*i + 7 - 4*i - h*i. What is the remainder when 52 is divided by f(-5)?
25
Suppose 19*i + 135 = 22*i. Let u(y) = 2*y + 6. Let x(j) = -6*j - 18. Let w(m) = -17*u(m) - 6*x(m). Calculate the remainder when i is divided by w(9).
21
Suppose 5*k - 467 = 3*f, 4*k + 2*f = -k + 472. Calculate the remainder when k is divided by 16.
14
Suppose -3*z + 69 = 2*w, 3*w - 5*z = -0*z + 56. Calculate the remainder when (-1 - (-4 + 6)) + 97 is divided by w.
13
Suppose 3*v + 2*f - 41 = 0, 2*v + 3*f + 2*f - 31 = 0. Suppose 2*h - v = -5. Calculate the remainder when 14 is divided by h.
2
Let n(g) = -g - 9. Suppose 3*k = -22 - 17. Let t be n(k). Suppose -6*w + t*w + 5*o + 25 = 0, 0 = w + 5*o + 10. Calculate the remainder when 13 is divided by w.
3
Suppose -3*c = 4*n - 389, -3*n - 5*c = -4*c - 288. What is the remainder when n is divided by 40?
15
Suppose 269 = 5*z - 91. Suppose 3*h - z = -h. What is the remainder when 68 is divided by h?
14
Let j(w) = -w. Let t(s) = 11*s + 21. Let l(p) = -6*j(p) - t(p). Calculate the remainder when l(-20) is divided by 20.
19
Let t(b) = -14 + 8 + b + 7. Suppose -7*j + 27 + 1 = 0. What is the remainder when 12 is divided by t(j)?
2
Let c be (-79)/((4/6)/((-6)/(-9))). Let r = -64 - c. Calculate the remainder when 2/(-5) - 142/(-5) is divided by r.
13
Calculate the remainder when 188 is divided by (2/(-3))/(3*18/(-1539)).
17
Suppose -25 - 3 = -b. Let k = -95 - 7. Let t = k + 117. Calculate the remainder when b is divided by t.
13
Suppose -31*q = -606 + 141. Let z(r) = r**2 - 5*r. Calculate the remainder when q is divided by z(6).
3
Suppose -2*k + 121 = -5*l, 308 = 4*k + 5*l - 9. Suppose 0*o = 17*o - 510. Let i = k - o. What is the remainder when i is divided by 23?
20
Let n = -7 + 26. Let c(t) = 2*t**2 + 4*t - 20. Let i be c(-6). What is the remainder when n is divided by (20/(-3))/(i/(-42))?
9
Suppose 7*s = 5*s + 156. Suppose -9*w - s = -10*w. What is the remainder when w is divided by 14?
8
Let n(f) = -f**2 + 9*f - 6. Let s(j) = -j**2 - 11*j - 10. Let w be s(-10). Suppose -c - 11 + 34 = w. What is the remainder when c is divided by n(6)?
11
Let w = 16 - 14. Suppose 0*d + 2*d - 172 = -4*c, 0 = w*c + 2*d - 88. Calculate the remainder when c is divided by 22.
20
Calculate the remainder when 4/(-6) + (14638/(-6))/(-13) is divided by 89.
9
Suppose 468 = 5*q + 2*i, -2*q + 0*i + 187 = i. What is the remainder when q is divided by 41?
12
Let x be -1*2*(-75)/30. Suppose 2*m = g, 5*g + 4 = -x*m - 11. Let a = 17 - g. What is the remainder when 34 is divided by a?
15
Let p = 32 - 33. What is the remainder when 49 is divided by p/(-2) + 300/24?
10
Let y be 3/4 - (-219)/12. Let j = y - 18. What is the remainder when j/(3*2/354) is divided by 10?
9
Suppose -c + 6*c = 470. What is the remainder when c is divided by (2 + -1 + 0)*24?
22
Let l(j) = -3*j**3 + j**2 + 5*j. Let k be l(3). Let c = -25 - k. What is the remainder when 93 is divided by c?
29
Let c = 6 - -11. Suppose 25 = 2*b - c. What is the remainder when b is divided by 11?
10
Suppose 0 = -5*b + b. Suppose 2*l = 5*x + 330, -4*l + 4*x + b*x = -660. Calculate the remainder when l is divided by 21.
18
Let t(z) = -z**3 + 5*z**2 - 4*z - 6. Let g(n) = -2*n**3 + 11*n**2 - 8*n - 11. Let s(f) = 2*g(f) - 5*t(f). Calculate the remainder when 118 is divided by s(4).
38
Let o(z) = 23*z**2 + 2*z - 1. Suppose -5*n + 0 = 10. Let x be n/(-8) - (-9)/12. Calculate the remainder when 94 is divided by o(x).
22
Suppose -392 = -12*x - 2*x. What is the remainder when 83 is divided by x?
27
Suppose -n = -6*n - 20, n = 4*p - 64. Let s = 25 - p. Calculate the remainder when (-4)/s + (-2403)/(-45) is divided by 14.
11
Let r(w) = -15*w**2 + 2*w - 2. Let k be r(1). Calculate the remainder when 41 is divided by k/(-10) - 43/(-2).
18
Let p = 301 - 271. What is the remainder when 108 is divided by p?
18
What is the remainder when 192 is divided by ((-17)/(-68))/((-2)/(-664))?
26
Let p(l) be the third derivative of -l**5/60 + 5*l**4/8 - 7*l**3/3 - 8*l**2. Let i = 13 - 7. What is the remainder when p(12) is divided by i?
4
Let n(c) = c**3 - c + 1. Let p(u) = -7*u**3 - u**2 + 3*u - 5. Let o(w) = 4*n(w) + p(w). What is the remainder when 40 is divided by o(-2)?
19
Let i = -214 + 255. What is the remainder when i is divided by 41?
0
Suppose 2*g - 13*v + 17*v = 2, -4*v - 23 = -3*g. Suppose 45 = -6*l + 9*l + x, -75 = -g*l - 2*x. What is the remainder when 58 is divided by l?
13
Let t be (-411)/(-1 - 2/4). Suppose 7 - t = -f. Calculate the remainder when f is divided by 45.
42
Suppose 14*t - 9*t = 0. Suppose t = -n + 3*n + 6. What is the remainder when n*((-16)/3 + 2) is divided by 6?
4
Let c = 166 - 121. Calculate the remainder when 174 is divided by c.
39
Suppose 9*o + 556 = 1744. Suppose 0 = 6*j - j + 2*q - 221, 3*j - o = -q. Calculate the remainder when j is divided by 26.
17
Let s(v) = 3*v**2 + 26*v + 8. Suppose -3*w - 3*g = 2*g - 29, 61 = 5*w + 2*g. Calculate the remainder when s(-10) is divided by w.
9
Let j(h) = 84*h - 910. What is the remainder when 276 is divided by j(11)?
10
Suppose j = 4*v - 225, -5*j = v - 13 - 17. Calculate the remainder when v is divided by ((-27)/(-6))/(3/10).
10
Suppose -3*n - 1 = 3*a - 28, 5*a = n + 69. What is the remainder when 167 is divided by a?
11
Let c = 385 - 288. Calculate the remainder when c is divided by 25.
22
Let j = 0 - -3. Suppose -17 - 11 = -3*g - u, -12 = -g - j*u. What is the remain